 13915763
List the prime factors of 957841362.
2, 3, 1970867
List the prime factors of 762585660.
2, 3, 5, 17, 249211
What are the prime factors of 5355852470?
2, 5, 131, 157, 26041
List the prime factors of 494921551.
8467, 58453
List the prime factors of 3331015311.
3, 13, 85410649
List the prime factors of 37851113.
1583, 23911
What are the prime factors of 189540624?
2, 3, 7, 13, 6199
List the prime factors of 2994859481.
229, 1021, 12809
List the prime factors of 225444128.
2, 7, 13, 77419
List the prime factors of 154948156.
2, 11, 37, 95177
List the prime factors of 94437030.
2, 3, 5, 19, 43, 3853
List the prime factors of 232272405.
3, 5, 5161609
What are the prime factors of 145236239?
145236239
List the prime factors of 80915333.
409, 197837
What are the prime factors of 34904070?
2, 3, 5, 547, 709
List the prime factors of 1372201269.
3, 457400423
What are the prime factors of 518866464?
2, 3, 47, 114997
What are the prime factors of 421273162?
2, 821, 256561
List the prime factors of 45750050.
2, 5, 97, 9433
What are the prime factors of 166363986?
2, 3, 27727331
List the prime factors of 62921563.
991, 63493
List the prime factors of 483707837.
483707837
List the prime factors of 1819177648.
2, 19, 5984137
What are the prime factors of 214604211?
3, 79, 227, 3989
What are the prime factors of 204880934?
2, 53, 1932839
List the prime factors of 131561585.
5, 97, 271261
List the prime factors of 4720591279.
3433, 1375063
What are the prime factors of 2005129135?
5, 31, 12936317
List the prime factors of 260439352.
2, 463, 70313
What are the prime factors of 2335632401?
71, 457, 71983
What are the prime factors of 4297585343?
107, 40164349
What are the prime factors of 2319647640?
2, 3, 5, 19330397
What are the prime factors of 1286783007?
3, 428927669
What are the prime factors of 180969886?
2, 37, 43, 56873
List the prime factors of 1543950883.
109, 1039, 13633
List the prime factors of 3887711356.
2, 43, 22602973
What are the prime factors of 18263548?
2, 97, 103, 457
List the prime factors of 16590489.
3, 5530163
What are the prime factors of 36914415?
3, 5, 2460961
List the prime factors of 61296977.
7, 47, 211, 883
List the prime factors of 4244134822.
2, 2122067411
What are the prime factors of 261414072?
2, 3, 31, 173, 677
List the prime factors of 221190037.
47, 653, 7207
What are the prime factors of 1266145330?
2, 5, 126614533
What are the prime factors of 359208046?
2, 389, 461707
What are the prime factors of 174143452?
2, 7, 67, 89, 149
List the prime factors of 37931319.
3, 4214591
List the prime factors of 208916479.
208916479
List the prime factors of 2587753787.
17, 152220811
List the prime factors of 31209412.
2, 13, 103, 5827
List the prime factors of 3252577729.
23, 141416423
List the prime factors of 59670616.
2, 7458827
List the prime factors of 39354929.
67, 587387
List the prime factors of 53481044.
2, 281, 47581
List the prime factors of 44128737.
3, 4903193
What are the prime factors of 166830674?
2, 3541, 23557
What are the prime factors of 89135550?
2, 3, 5, 7, 28297
What are the prime factors of 2310879202?
2, 1155439601
List the prime factors of 114823131.
3, 38274377
What are the prime factors of 291811293?
3, 419, 77383
List the prime factors of 363412780.
2, 5, 43, 422573
List the prime factors of 50376119.
157, 320867
List the prime factors of 1115691943.
313, 359, 9929
List the prime factors of 194997536.
2, 607, 10039
List the prime factors of 143179465.
5, 11, 13, 43, 4657
What are the prime factors of 817136538?
2, 3, 29, 4696187
What are the prime factors of 77225743?
7, 23, 31, 15473
List the prime factors of 242931726.
2, 3, 13496207
List the prime factors of 8902478155.
5, 1780495631
List the prime factors of 2045736195.
3, 5, 619, 220327
List the prime factors of 203563191.
3, 13, 5219569
List the prime factors of 5987297813.
7, 17, 50313427
List the prime factors of 83875979.
11, 7625089
What are the prime factors of 183268027?
183268027
What are the prime factors of 6506709036?
2, 3, 59, 239, 38453
List the prime factors of 94708571.
3797, 24943
List the prime factors of 651272770.
2, 5, 563, 115679
List the prime factors of 103660221.
3, 7, 4936201
List the prime factors of 1523002146.
2, 3, 2207, 115013
What are the prime factors of 8502505?
5, 11, 154591
List the prime factors of 143690830.
2, 5, 14369083
List the prime factors of 18058437.
3, 17, 39343
What are the prime factors of 821483613?
3, 1367, 2473
What are the prime factors of 59196038?
2, 11, 107, 25147
List the prime factors of 192804359.
11, 67, 131, 1997
What are the prime factors of 845576830?
2, 5, 7, 23, 75029
List the prime factors of 175232925.
3, 5, 7, 31, 37, 97
What are the prime factors of 1714134369?
3, 571378123
List the prime factors of 1138376591.
11, 9408071
List the prime factors of 950097515.
5, 190019503
List the prime factors of 33671462.
2, 11, 1530521
What are the prime factors of 143636648?
2, 17954581
List the prime factors of 4560593667.
3, 7, 193, 227, 4957
List the prime factors of 594727268.
2, 241, 587, 1051
What are the prime factors of 5379046294?
2, 23, 457, 255877
What are the prime factors of 793322181?
3, 19, 229, 2251
What are the prime factors of 1524932320?
2, 5, 71, 241, 557
List the prime factors of 221829458.
2, 311, 379, 941
What are the prime factors of 115980722?
2, 11, 13, 405527
List the prime factors of 1070798035.
5, 97, 2207831
What are the prime factors of 134550316?
2, 1033, 32563
List the prime factors of 4215748.
2, 167, 6311
List the prime factors of 80959763.
17, 167, 28517
List the prime factors of 163698278.
2, 8819, 9281
List the prime factors of 3193790.
2, 5, 17, 18787
List the prime factors of 29961420.
2, 3, 5, 151, 3307
What are the prime factors of 882195833?
882195833
List the prime factors of 5550826.
2, 41, 139, 487
List the prime factors of 5614091.
7, 331, 2423
List the prime factors of 2168292408.
2, 3, 233, 387749
List the prime factors of 563069413.
563069413
What are the prime factors of 831998448?
2, 3, 19, 71, 4283
List the prime factors of 28002210.
2, 3, 5, 933407
What are the prime factors of 71667492?
2, 3, 13, 35339
What are the prime factors of 544396741?
7, 491, 158393
List the prime factors of 2510272127.
11, 228206557
List the prime factors of 133947740.
2, 5, 67, 99961
List the prime factors of 6552172.
2, 11, 148913
What are the prime factors of 1489323133?
25577, 58229
What are the prime factors of 1343357000?
2, 5, 17, 19, 4159
What are the prime factors of 2462430309?
3, 820810103
What are the prime factors of 515689921?
751, 686671
List the prime factors of 359019916.
2, 89754979
What are the prime factors of 48842492?
2, 353, 34591
List the prime factors of 79085809.
11, 19, 378401
What are the prime factors of 43633827?
3, 971, 4993
What are the prime factors of 14919261?
3, 7, 710441
What are the prime factors of 3075895651?
43, 53, 1349669
What are the prime factors of 1084288078?
2, 499, 1086461
What are the prime factors of 22502103?
3, 13, 576977
List the prime factors of 63437644.
2, 149, 163, 653
What are the prime factors of 532846189?
113, 4715453
List the prime factors of 5049203.
5049203
What are the prime factors of 28033155?
3, 5, 207653
What are the prime factors of 270850999?
31, 8737129
List the prime factors of 206420388.
2, 3, 1109, 15511
List the prime factors of 3349313751.
3, 7, 23, 6934397
List the prime factors of 4767517184.
2, 59, 157823
What are the prime factors of 230037407?
230037407
What are the prime factors of 50970044?
2, 12742511
List the prime factors of 747973305.
3, 5, 97, 57119
List the prime factors of 438462518.
2, 13, 16863943
What are the prime factors of 765171958?
2, 23, 16634173
List the prime factors of 180123291.
3, 41, 162713
What are the prime factors of 1046681971?
1847, 566693
List the prime factors of 379801061.
1087, 349403
What are the prime factors of 163862107?
71, 163, 14159
What are the prime factors of 33366018?
2, 3, 7, 631, 1259
What are the prime factors of 80120121?
3, 26706707
List the prime factors of 105624169.
7, 15089167
List the prime factors of 84602150.
2, 5, 1692043
What are the prime factors of 577969?
7, 82567
What are the prime factors of 24456191?
244561